{"id":329,"date":"2025-07-16T10:06:52","date_gmt":"2025-07-16T10:06:52","guid":{"rendered":"https:\/\/delo.gsv.si\/?page_id=329"},"modified":"2025-07-16T10:06:52","modified_gmt":"2025-07-16T10:06:52","slug":"za-starse","status":"publish","type":"page","link":"https:\/\/delo.gsv.si\/?page_id=329","title":{"rendered":"Za star\u0161e"},"content":{"rendered":"\n<figure class=\"wp-block-table\"><table class=\"has-fixed-layout\"><tbody><tr><td>Prispevek star\u0161ev (\u0161olnina)<\/td><td>V skladu z Zakonom o organizaciji in financiranju vzgoje in izobra\u017eevanja star\u0161i oziroma skrbniki u\u010dencev glasbenih \u0161ol pla\u010dujejo \u0161olske pristojbine. Letni prispevek za \u0161olanje je prispevek za kritje materialnih stro\u0161kov \u0161olanja, za katere lokalna skupnost ne zagotavlja sredstev. Vi\u0161ino prispevka ob soglasju Ministrstva za vzgojo in izobra\u017eevanje dolo\u010di Svet \u0161ole, star\u0161i pa ga poravnajo v <strong>10<\/strong> <strong>mese\u010dnih<\/strong> <strong>obrokih<\/strong>, ne glede na odsotnosti u\u010dencev. \u0160olnino je mo\u017eno poravnavati tudi preko trajnika ali e-ra\u010duna. (povezava na obrazce v 5. kvadratu) Najemnina za \u0161olske in\u0161trumente, ki si jih u\u010denci lahko sposodijo iz \u0161olskega in\u0161trumentarija, se pla\u010duje mese\u010dno, skupaj s prispevkom star\u0161ev. Pristojbine v G\u0160 Vrhnika: letna vpisnina prispevek za materialne stro\u0161ke najemnina za izposojo \u0161olskih in\u0161trumentov (godala, pihala, trobila): Vi\u0161ina mese\u010dnih prispevkov (\u0161e v potrjevanju MVI): Vpisnina (enkrat letno): 15,00 \u20ac Mese\u010dni prispevek star\u0161ev \u2013 in\u0161trument, petje (vklju\u010duje tudi pouk nauka o glasbi, komorne igre, orkestra, zbora): 33,00 \u20ac Pred\u0161olska glasbena vzgoja: 16,50 \u20ac Glasbena pripravnica: 16,50 \u20ac Plesna pripravnica: 33,00 \u20ac Balet: 33,00 \u20ac Izposoja in\u0161trumenta: 16,70 \u20ac &nbsp; \u010ce je v glasbeno \u0161olo vpisanih ve\u010d otrok iz iste dru\u017eine, se \u0161olnina: za drugega otroka zni\u017ea za 50%, za tretjega otroka zni\u017ea za 75%, za \u010detrtega otroka zni\u017ea za 100%. &nbsp;<\/td><\/tr><tr><td>Obrazci<\/td><td>Soglasje star\u0161ev o obdelavi osebnih podatkov (gdpr) Link, pdf\u2026? Obrazec za prejemanje polo\u017enic preko maila Link, pdf\u2026? Obrazec za prejemanje polo\u017enic preko trajnika Link, pdf\u2026?<\/td><\/tr><tr><td>Svet \u0161ole<\/td><td>Mandat sveta \u0161ole traja od 17. 11. 2021 do 16. 11. 2025 &nbsp; Sestava sveta \u0161ole: Predstavniki \u0161ole: Ur\u0161ka Tr\u010dek Lenar\u010di\u010d, (predsednica sveta), Ur\u0161a Kr\u017ei\u010d, (namestnica predsednice), Jasmina \u0160ubic, Miha Plav\u010dak, Jelka Vrhunec Topolovec. Predstavniki ustanovitelja: Damjana Vrenjak, Sara Stanko, Marjeta Jelov\u0161ek. Predstavniki star\u0161ev: Sebastjan Kova\u010di\u010d, Ana Bokali\u010d, Matej Vidrih. Kontakt: mail\u2026<\/td><\/tr><tr><td>Svet star\u0161ev<\/td><td>Mandat sveta star\u0161ev traja eno \u0161olsko leto. &nbsp; Sestava sveta star\u0161ev: PRED\u0160OLSKA GLASBENA VZGOJA: Marko Bu\u010dek GLASBENA PRIPRAVNICA: Peter Dra\u0161ler PLESNA PRIPRAVNICA: Sta\u0161a Ana Jereb<br>GODALA: Sebastian Kova\u010di\u010d<br>HARMONIKA: Jasna Krmec<br>KITARA: Andrej Nagode<br>KLAVIR: Robert Gartner<br>PIHALA, TROBILA, TOLKALA: Mateja Bo\u017enar<br>PLES: Barbara \u017dakelj<br>BOROVNICA: Ana Bokali\u010d<br>HORJUL: Teja Oblak Miklav\u010di\u010d Kontakt: mail\u2026<\/td><\/tr><tr><td>Koncertni bonton<\/td><td>Koncertni bonton (link na okvir\u010dek)<\/td><\/tr><tr><td>Prijava na novice<\/td><td>Obrazec za prijavo na novice<\/td><\/tr><tr><td>Nasveti in priporo\u010dila za star\u0161e<\/td><td>Zadr\u017eevanje otrok na dovozu v glasbeno \u0161olo pri zapornici je prepovedano, ker je prenevarno. Prosimo vas, da otroke po\u010dakate ali oddate pred glavnim vhodom, kjer je ve\u010d prostora za \u010dakanje in bolj varno za ustavljanje avtomobila. (ta bi lahko bila tudi med novicami oz v banerju)Glasbena \u0161ola sprejme vsa opravi\u010dila odsotnosti u\u010dencev, ki so poslana preko elektronske po\u0161te <a href=\"mailto:gsv@gsv.si\">gsv@gsv.si<\/a> , vendar vas napro\u0161amo, da poleg imena in priimka otroka obvezno dopi\u0161ete za kateri predmet opravi\u010dujete otroka in pri kateremu u\u010ditelju.Prosimo vas, da upo\u0161tevate koncertni bonton (link do kvadratka). V zadnjem \u010dasu se opa\u017ea snemanje in fotografiranje celotnih nastopov brez privoljenja nastopajo\u010dih in glasbene \u0161ole. Prav tako ni dovoljeno posnetke in fotografije objavljati na svetovnem spletu ali kateremkoli drugem mediju. V kolikor otrok zboli vas prosimo, da ga zadr\u017eite doma. Bolan otrok lahko oku\u017ei u\u010ditelja, zato posledi\u010dno pouk odpade vsem u\u010dencem in ne samo va\u0161emu otroku. Naj se otrok pozdravi in pride k pouku zdrav in poln energije, kajti le v takem stanju bo njegova prisotnost pri pouku imela u\u010dinek.<\/td><\/tr><tr><td>Pravice in dol\u017enosti u\u010dencev<\/td><td>\u0160E V IZDELAVI!<\/td><\/tr><tr><td>\u0160olski koledar<\/td><td>Povezava na 2. kvadratek oz na pdf, link na www\u2026?<\/td><\/tr><tr><td>Dan odprtih vrat<\/td><td>Povezava na 4. okvir\u010dek<\/td><\/tr><\/tbody><\/table><\/figure>\n","protected":false},"excerpt":{"rendered":"<p>Prispevek star\u0161ev (\u0161olnina) V skladu z Zakonom o organizaciji in financiranju vzgoje in izobra\u017eevanja star\u0161i oziroma skrbniki u\u010dencev glasbenih \u0161ol pla\u010dujejo \u0161olske pristojbine. Letni prispevek za \u0161olanje je prispevek za kritje materialnih stro\u0161kov \u0161olanja, za katere lokalna skupnost ne zagotavlja sredstev. Vi\u0161ino prispevka ob soglasju Ministrstva za vzgojo in izobra\u017eevanje dolo\u010di Svet \u0161ole, star\u0161i pa [&hellip;]<\/p>\n","protected":false},"author":1,"featured_media":0,"parent":0,"menu_order":0,"comment_status":"closed","ping_status":"closed","template":"","meta":{"footnotes":""},"class_list":["post-329","page","type-page","status-publish","hentry"],"_links":{"self":[{"href":"https:\/\/delo.gsv.si\/index.php?rest_route=\/wp\/v2\/pages\/329","targetHints":{"allow":["GET"]}}],"collection":[{"href":"https:\/\/delo.gsv.si\/index.php?rest_route=\/wp\/v2\/pages"}],"about":[{"href":"https:\/\/delo.gsv.si\/index.php?rest_route=\/wp\/v2\/types\/page"}],"author":[{"embeddable":true,"href":"https:\/\/delo.gsv.si\/index.php?rest_route=\/wp\/v2\/users\/1"}],"replies":[{"embeddable":true,"href":"https:\/\/delo.gsv.si\/index.php?rest_route=%2Fwp%2Fv2%2Fcomments&post=329"}],"version-history":[{"count":1,"href":"https:\/\/delo.gsv.si\/index.php?rest_route=\/wp\/v2\/pages\/329\/revisions"}],"predecessor-version":[{"id":330,"href":"https:\/\/delo.gsv.si\/index.php?rest_route=\/wp\/v2\/pages\/329\/revisions\/330"}],"wp:attachment":[{"href":"https:\/\/delo.gsv.si\/index.php?rest_route=%2Fwp%2Fv2%2Fmedia&parent=329"}],"curies":[{"name":"wp","href":"https:\/\/api.w.org\/{rel}","templated":true}]}}